{"id":10,"date":"2023-04-19T10:02:34","date_gmt":"2023-04-19T10:02:34","guid":{"rendered":"https:\/\/www.appatam.com\/site\/?page_id=10"},"modified":"2023-08-01T10:43:09","modified_gmt":"2023-08-01T10:43:09","slug":"a-propos","status":"publish","type":"page","link":"https:\/\/www.appatam.com\/site\/a-propos\/","title":{"rendered":"A propos"},"content":{"rendered":"<style>.kb-row-layout-wrap.wp-block-kadence-rowlayout.kb-row-layout-id_562dbd-90{margin-top:-120px;}.kb-row-layout-id_562dbd-90 > .kt-row-column-wrap{align-content:start;}:where(.kb-row-layout-id_562dbd-90 > .kt-row-column-wrap) > .wp-block-kadence-column{justify-content:start;}.kb-row-layout-id_562dbd-90 > .kt-row-column-wrap{column-gap:var(--global-kb-gap-md, 2rem);row-gap:var(--global-kb-gap-md, 2rem);padding-top:var(--global-kb-spacing-xs, 1rem);padding-bottom:var(--global-kb-spacing-xs, 1rem);grid-template-columns:minmax(0, 1fr);}.kb-row-layout-id_562dbd-90{background-color:#e2e2e2;}.kb-row-layout-id_562dbd-90 > .kt-row-layout-overlay{opacity:0.30;}@media all and (max-width: 1024px){.kb-row-layout-id_562dbd-90 > .kt-row-column-wrap{grid-template-columns:minmax(0, 1fr);}}@media all and (max-width: 767px){.kb-row-layout-id_562dbd-90 > .kt-row-column-wrap{grid-template-columns:minmax(0, 1fr);}}<\/style><div class=\"kb-row-layout-wrap kb-row-layout-id_562dbd-90 alignfull kt-row-has-bg titrepageapropos wp-block-kadence-rowlayout\"><div class=\"kt-row-column-wrap kt-has-1-columns kt-row-layout-equal kt-tab-layout-inherit kt-mobile-layout-row kt-row-valign-top\">\n<style>.kadence-column_03589b-86 > .kt-inside-inner-col,.kadence-column_03589b-86 > .kt-inside-inner-col:before{border-top-left-radius:0px;border-top-right-radius:0px;border-bottom-right-radius:0px;border-bottom-left-radius:0px;}.kadence-column_03589b-86 > .kt-inside-inner-col:before{opacity:0.3;}.kadence-column_03589b-86{position:relative;}<\/style>\n<div class=\"wp-block-kadence-column kadence-column_03589b-86 sectionapropos\"><div class=\"kt-inside-inner-col\"><style>.wp-block-kadence-advancedheading.kt-adv-heading_eb370b-2f, .wp-block-kadence-advancedheading.kt-adv-heading_eb370b-2f[data-kb-block=\"kb-adv-heading_eb370b-2f\"]{margin-left:100px;font-style:normal;text-transform:uppercase;color:#000000;}.wp-block-kadence-advancedheading.kt-adv-heading_eb370b-2f mark, .wp-block-kadence-advancedheading.kt-adv-heading_eb370b-2f[data-kb-block=\"kb-adv-heading_eb370b-2f\"] mark{font-style:normal;color:#f76a0c;padding-top:0px;padding-right:0px;padding-bottom:0px;padding-left:0px;}<\/style>\n<h2 class=\"kt-adv-heading_eb370b-2f paragrapheapropos wp-block-kadence-advancedheading\" data-kb-block=\"kb-adv-heading_eb370b-2f\">A propos<\/h2>\n<\/div><\/div>\n\n<\/div><\/div>\n\n<style>.kb-row-layout-id_41050e-80 > .kt-row-column-wrap{align-content:start;}:where(.kb-row-layout-id_41050e-80 > .kt-row-column-wrap) > .wp-block-kadence-column{justify-content:start;}.kb-row-layout-id_41050e-80 > .kt-row-column-wrap{column-gap:var(--global-kb-gap-md, 2rem);row-gap:var(--global-kb-gap-md, 2rem);padding-top:var(--global-kb-spacing-sm, 1.5rem);padding-bottom:var(--global-kb-spacing-sm, 1.5rem);grid-template-columns:minmax(0, 1fr);}.kb-row-layout-id_41050e-80 > .kt-row-layout-overlay{opacity:0.30;}@media all and (max-width: 1024px){.kb-row-layout-id_41050e-80 > .kt-row-column-wrap{grid-template-columns:minmax(0, 1fr);}}@media all and (max-width: 767px){.kb-row-layout-id_41050e-80 > .kt-row-column-wrap{grid-template-columns:minmax(0, 1fr);}}<\/style><div class=\"kb-row-layout-wrap kb-row-layout-id_41050e-80 alignnone sectionapropos wp-block-kadence-rowlayout\"><div class=\"kt-row-column-wrap kt-has-1-columns kt-row-layout-equal kt-tab-layout-inherit kt-mobile-layout-row kt-row-valign-top\">\n<style>.kadence-column_d5406c-08 > .kt-inside-inner-col,.kadence-column_d5406c-08 > .kt-inside-inner-col:before{border-top-left-radius:0px;border-top-right-radius:0px;border-bottom-right-radius:0px;border-bottom-left-radius:0px;}.kadence-column_d5406c-08 > .kt-inside-inner-col:before{opacity:0.3;}.kadence-column_d5406c-08{position:relative;}<\/style>\n<div class=\"wp-block-kadence-column kadence-column_d5406c-08 sectionapropos\"><div class=\"kt-inside-inner-col\"><style>.kadence-column_6b5795-5f > .kt-inside-inner-col,.kadence-column_6b5795-5f > .kt-inside-inner-col:before{border-top-left-radius:0px;border-top-right-radius:0px;border-bottom-right-radius:0px;border-bottom-left-radius:0px;}.kadence-column_6b5795-5f > .kt-inside-inner-col:before{opacity:0.3;}.kadence-column_6b5795-5f{position:relative;}<\/style>\n<div class=\"wp-block-kadence-column kadence-column_6b5795-5f titreapropos\"><div class=\"kt-inside-inner-col\"><style>.wp-block-kadence-advancedheading.kt-adv-heading_75a24b-88, .wp-block-kadence-advancedheading.kt-adv-heading_75a24b-88[data-kb-block=\"kb-adv-heading_75a24b-88\"]{text-align:right;font-style:normal;}.wp-block-kadence-advancedheading.kt-adv-heading_75a24b-88 mark, .wp-block-kadence-advancedheading.kt-adv-heading_75a24b-88[data-kb-block=\"kb-adv-heading_75a24b-88\"] mark{font-style:normal;color:#f76a0c;padding-top:0px;padding-right:0px;padding-bottom:0px;padding-left:0px;}<\/style>\n<h2 class=\"kt-adv-heading_75a24b-88 sectiontitreapropos wp-block-kadence-advancedheading\" data-kb-block=\"kb-adv-heading_75a24b-88\">Appatam le visionnaire de la transformation digitale<\/h2>\n<\/div><\/div>\n\n\n\n<p class=\"paragraphe has-theme-palette-9-background-color has-background\">Appatam est une entreprise sp\u00e9cialis\u00e9e dans l&rsquo;h\u00e9bergement web, le d\u00e9veloppement d&rsquo;applications, la formation et l&rsquo;accompagnement. Elle propose des solutions num\u00e9riques innovantes et personnalis\u00e9es pour r\u00e9pondre aux besoins sp\u00e9cifiques de ses clients, qu&rsquo;ils soient des particuliers ou des entreprises.<br><br>En ce qui concerne <strong>l&rsquo;h\u00e9bergement web<\/strong>, Appatam propose des solutions fiables et s\u00e9curis\u00e9es pour les sites web, les applications et les bases de donn\u00e9es. Elle met \u00e0 disposition des clients des serveurs performants avec une disponibilit\u00e9 \u00e9lev\u00e9e, ainsi qu&rsquo;un support technique de qualit\u00e9 pour assurer le bon fonctionnement de leurs sites web et applications.<br><br>En mati\u00e8re de <strong>d\u00e9veloppement d&rsquo;applications<\/strong>, Appatam dispose d&rsquo;une \u00e9quipe de d\u00e9veloppeurs exp\u00e9riment\u00e9s capables de concevoir et de d\u00e9velopper des applications mobiles et web personnalis\u00e9es. Elle utilise les derni\u00e8res technologies pour assurer une exp\u00e9rience utilisateur optimale et une performance \u00e9lev\u00e9e.<br><br>Appatam propose \u00e9galement des<strong> services de formation<\/strong> pour aider les entreprises \u00e0 d\u00e9velopper les comp\u00e9tences de leurs employ\u00e9s dans le domaine num\u00e9rique. Elle propose des formations sur mesure adapt\u00e9es aux besoins de chaque entreprise, que ce soit pour des formations en pr\u00e9sentiel ou en ligne.<br><br>Enfin, Appatam <strong>accompagne<\/strong> les entreprises dans leur transformation digitale, en leur proposant des services de conseil et d&rsquo;accompagnement pour les aider \u00e0 tirer le meilleur parti des technologies num\u00e9riques. Elle travaille en \u00e9troite collaboration avec ses clients pour \u00e9laborer des strat\u00e9gies digitales efficaces et les mettre en \u0153uvre avec succ\u00e8s.<br><br>En r\u00e9sum\u00e9, Appatam est une entreprise de solutions num\u00e9riques innovantes et personnalis\u00e9es, qui propose des services d&rsquo;h\u00e9bergement web, de d\u00e9veloppement d&rsquo;applications, de formation et d&rsquo;accompagnement pour aider les entreprises \u00e0 r\u00e9ussir leur transformation digitale. Elle dispose d&rsquo;une \u00e9quipe de professionnels hautement qualifi\u00e9s et d&rsquo;une approche centr\u00e9e sur les besoins sp\u00e9cifiques de chaque client pour assurer leur satisfaction et leur succ\u00e8s.<\/p>\n<\/div><\/div>\n\n<\/div><\/div>\n\n<style>.kb-row-layout-id_b90e73-74 > .kt-row-column-wrap{align-content:start;}:where(.kb-row-layout-id_b90e73-74 > .kt-row-column-wrap) > .wp-block-kadence-column{justify-content:start;}.kb-row-layout-id_b90e73-74 > .kt-row-column-wrap{column-gap:var(--global-kb-gap-md, 2rem);row-gap:var(--global-kb-gap-md, 2rem);padding-top:var(--global-kb-spacing-sm, 1.5rem);padding-bottom:var(--global-kb-spacing-sm, 1.5rem);grid-template-columns:minmax(0, 2fr) minmax(0, 1fr);}.kb-row-layout-id_b90e73-74 > .kt-row-layout-overlay{opacity:0.30;}@media all and (max-width: 1024px){.kb-row-layout-id_b90e73-74 > .kt-row-column-wrap{grid-template-columns:repeat(2, minmax(0, 1fr));}}@media all and (max-width: 767px){.kb-row-layout-id_b90e73-74 > .kt-row-column-wrap{grid-template-columns:minmax(0, 1fr);}}<\/style><div class=\"kb-row-layout-wrap kb-row-layout-id_b90e73-74 alignnone rowvision wp-block-kadence-rowlayout\"><div class=\"kt-row-column-wrap kt-has-2-columns kt-row-layout-left-golden kt-tab-layout-inherit kt-mobile-layout-row kt-row-valign-top\">\n<style>.kadence-column_6ecdba-79 > .kt-inside-inner-col,.kadence-column_6ecdba-79 > .kt-inside-inner-col:before{border-top-left-radius:0px;border-top-right-radius:0px;border-bottom-right-radius:0px;border-bottom-left-radius:0px;}.kadence-column_6ecdba-79 > .kt-inside-inner-col:before{opacity:0.3;}.kadence-column_6ecdba-79{position:relative;}<\/style>\n<div class=\"wp-block-kadence-column kadence-column_6ecdba-79\"><div class=\"kt-inside-inner-col\"><style>.kb-image_ed06a2-62 .kb-image-has-overlay:after{opacity:0.3;}<\/style>\n<figure class=\"wp-block-kadence-image kb-image_ed06a2-62 size-large\"><img loading=\"lazy\" decoding=\"async\" width=\"1024\" height=\"684\" src=\"https:\/\/www.appatam.com\/site\/wp-content\/uploads\/2023\/04\/femme-analysant-code-binaire-ecran-virtuel-1024x684.jpg\" alt=\"\" class=\"kb-img wp-image-585\" srcset=\"https:\/\/www.appatam.com\/site\/wp-content\/uploads\/2023\/04\/femme-analysant-code-binaire-ecran-virtuel-1024x684.jpg 1024w, https:\/\/www.appatam.com\/site\/wp-content\/uploads\/2023\/04\/femme-analysant-code-binaire-ecran-virtuel-300x200.jpg 300w, https:\/\/www.appatam.com\/site\/wp-content\/uploads\/2023\/04\/femme-analysant-code-binaire-ecran-virtuel-768x513.jpg 768w, https:\/\/www.appatam.com\/site\/wp-content\/uploads\/2023\/04\/femme-analysant-code-binaire-ecran-virtuel-1536x1025.jpg 1536w, https:\/\/www.appatam.com\/site\/wp-content\/uploads\/2023\/04\/femme-analysant-code-binaire-ecran-virtuel-2048x1367.jpg 2048w\" sizes=\"auto, (max-width: 1024px) 100vw, 1024px\" \/><\/figure>\n<\/div><\/div>\n\n\n<style>.kadence-column_fb5320-d4, .kt-inside-inner-col > .kadence-column_fb5320-d4:not(.specificity){margin-top:var(--global-kb-spacing-3xl, 6.5rem);margin-right:0px;}.kadence-column_fb5320-d4 > .kt-inside-inner-col{padding-top:var(--global-kb-spacing-lg, 3rem);padding-right:var(--global-kb-spacing-xxs, 0.5rem);padding-bottom:var(--global-kb-spacing-lg, 3rem);padding-left:var(--global-kb-spacing-xs, 1rem);}.kadence-column_fb5320-d4 > .kt-inside-inner-col,.kadence-column_fb5320-d4 > .kt-inside-inner-col:before{border-top-left-radius:0px;border-top-right-radius:0px;border-bottom-right-radius:0px;border-bottom-left-radius:0px;}.kadence-column_fb5320-d4 > .kt-inside-inner-col{background-color:var(--global-palette3, #1A202C);}.kadence-column_fb5320-d4 > .kt-inside-inner-col:before{opacity:0.3;}.kadence-column_fb5320-d4{position:relative;}<\/style>\n<div class=\"wp-block-kadence-column kadence-column_fb5320-d4 sectionvision\"><div class=\"kt-inside-inner-col\"><style>.kb-image_205f3a-2c .kb-image-has-overlay:after{opacity:0.3;}<\/style>\n<div class=\"wp-block-kadence-image kb-image_205f3a-2c\"><figure class=\"aligncenter size-full\"><img loading=\"lazy\" decoding=\"async\" width=\"148\" height=\"54\" src=\"https:\/\/www.appatam.com\/site\/wp-content\/uploads\/2023\/05\/vision.png.png\" alt=\"\" class=\"kb-img wp-image-674\"\/><\/figure><\/div>\n\n\n\n<h2 class=\"wp-block-heading has-text-align-center has-theme-palette-1-color has-text-color\">Notre vision<\/h2>\n\n\n\n<p class=\"has-text-align-center has-theme-palette-8-color has-text-color\">\u00catre une agence de transformation digitale de<br>r\u00e9f\u00e9rence en C\u00f4te d\u2019Ivoire.<\/p>\n<\/div><\/div>\n\n<\/div><\/div>\n\n<style>.kb-row-layout-id_3d6815-34 > .kt-row-column-wrap{align-content:start;}:where(.kb-row-layout-id_3d6815-34 > .kt-row-column-wrap) > .wp-block-kadence-column{justify-content:start;}.kb-row-layout-id_3d6815-34 > .kt-row-column-wrap{column-gap:var(--global-kb-gap-md, 2rem);row-gap:var(--global-kb-gap-md, 2rem);padding-top:var(--global-kb-spacing-sm, 1.5rem);padding-bottom:var(--global-kb-spacing-sm, 1.5rem);grid-template-columns:minmax(0, 1fr);}.kb-row-layout-id_3d6815-34 > .kt-row-layout-overlay{opacity:0.30;}@media all and (max-width: 1024px){.kb-row-layout-id_3d6815-34 > .kt-row-column-wrap{grid-template-columns:minmax(0, 1fr);}}@media all and (max-width: 767px){.kb-row-layout-id_3d6815-34 > .kt-row-column-wrap{grid-template-columns:minmax(0, 1fr);}}<\/style><div class=\"kb-row-layout-wrap kb-row-layout-id_3d6815-34 alignnone wp-block-kadence-rowlayout\"><div class=\"kt-row-column-wrap kt-has-1-columns kt-row-layout-equal kt-tab-layout-inherit kt-mobile-layout-row kt-row-valign-top\">\n<style>.kadence-column_aeda2c-f3 > .kt-inside-inner-col,.kadence-column_aeda2c-f3 > .kt-inside-inner-col:before{border-top-left-radius:0px;border-top-right-radius:0px;border-bottom-right-radius:0px;border-bottom-left-radius:0px;}.kadence-column_aeda2c-f3 > .kt-inside-inner-col:before{opacity:0.3;}.kadence-column_aeda2c-f3{position:relative;}<\/style>\n<div class=\"wp-block-kadence-column kadence-column_aeda2c-f3\"><div class=\"kt-inside-inner-col\"><style>.wp-block-kadence-advancedheading.kt-adv-heading_0ce194-53, .wp-block-kadence-advancedheading.kt-adv-heading_0ce194-53[data-kb-block=\"kb-adv-heading_0ce194-53\"]{text-align:center;font-style:normal;color:#0060e6;}.wp-block-kadence-advancedheading.kt-adv-heading_0ce194-53 mark, .wp-block-kadence-advancedheading.kt-adv-heading_0ce194-53[data-kb-block=\"kb-adv-heading_0ce194-53\"] mark{font-style:normal;color:#f76a0c;padding-top:0px;padding-right:0px;padding-bottom:0px;padding-left:0px;}<\/style>\n<h2 class=\"kt-adv-heading_0ce194-53 wp-block-kadence-advancedheading\" data-kb-block=\"kb-adv-heading_0ce194-53\">Notre mission<\/h2>\n\n\n\n<p>Accompagner les entreprises \u00e0 se r\u00e9inventer, \u00e0 entamer leur migration (transformation) vers les solutions<br>digitales afin d\u2019optimiser leur performance. Notre objectif est de vous donner les moyens technologiques de devenir plus performants et agiles afin de produire et de d\u00e9livrer durablement de la valeur.<\/p>\n<\/div><\/div>\n\n<\/div><\/div>","protected":false},"excerpt":{"rendered":"<p>A propos Appatam le visionnaire de la transformation digitale Appatam est une entreprise sp\u00e9cialis\u00e9e dans l&rsquo;h\u00e9bergement web, le d\u00e9veloppement d&rsquo;applications, la formation et l&rsquo;accompagnement. Elle propose des solutions num\u00e9riques innovantes et personnalis\u00e9es pour r\u00e9pondre aux besoins sp\u00e9cifiques de ses clients, qu&rsquo;ils soient des particuliers ou des entreprises. En ce qui concerne l&rsquo;h\u00e9bergement web, Appatam propose&#8230;<\/p>\n","protected":false},"author":1,"featured_media":1674,"parent":0,"menu_order":0,"comment_status":"closed","ping_status":"closed","template":"","meta":{"_kad_post_transparent":"","_kad_post_title":"hide","_kad_post_layout":"default","_kad_post_sidebar_id":"","_kad_post_content_style":"","_kad_post_vertical_padding":"","_kad_post_feature":"","_kad_post_feature_position":"","_kad_post_header":false,"_kad_post_footer":false,"footnotes":""},"class_list":["post-10","page","type-page","status-publish","has-post-thumbnail","hentry"],"_links":{"self":[{"href":"https:\/\/www.appatam.com\/site\/wp-json\/wp\/v2\/pages\/10","targetHints":{"allow":["GET"]}}],"collection":[{"href":"https:\/\/www.appatam.com\/site\/wp-json\/wp\/v2\/pages"}],"about":[{"href":"https:\/\/www.appatam.com\/site\/wp-json\/wp\/v2\/types\/page"}],"author":[{"embeddable":true,"href":"https:\/\/www.appatam.com\/site\/wp-json\/wp\/v2\/users\/1"}],"replies":[{"embeddable":true,"href":"https:\/\/www.appatam.com\/site\/wp-json\/wp\/v2\/comments?post=10"}],"version-history":[{"count":63,"href":"https:\/\/www.appatam.com\/site\/wp-json\/wp\/v2\/pages\/10\/revisions"}],"predecessor-version":[{"id":3944,"href":"https:\/\/www.appatam.com\/site\/wp-json\/wp\/v2\/pages\/10\/revisions\/3944"}],"wp:featuredmedia":[{"embeddable":true,"href":"https:\/\/www.appatam.com\/site\/wp-json\/wp\/v2\/media\/1674"}],"wp:attachment":[{"href":"https:\/\/www.appatam.com\/site\/wp-json\/wp\/v2\/media?parent=10"}],"curies":[{"name":"wp","href":"https:\/\/api.w.org\/{rel}","templated":true}]}}